+ 46. What is the remainder when k is divided by ((-18)/(-15))/((-1)/(-10))?
11
Suppose -5*j - w - 259 = 0, 3*w - 2*w + 208 = -4*j. Let l = 85 + j. What is the remainder when l is divided by 2/5 + -1 + 930/50?
16
Let o = 1 + -1. Let z be ((-7)/(-21))/((-2)/24)*-8. Suppose 2*v = -o*v + z. Calculate the remainder when 45 is divided by v.
13
Let h(z) = -3*z**2 + 15*z - 8. Let m be h(4). Suppose -2*c = m*b - 104, 10*b - c - 130 = 5*b. Calculate the remainder when b is divided by 14.
12
Let w = -1195 + 1203. What is the remainder when 117 is divided by w?
5
Let z(g) = -5*g - 44. Let n(x) = -6*x - 43. Let u(s) = 3*n(s) - 4*z(s). Calculate the remainder when u(10) is divided by 23.
21
Suppose -3360 = -14*u + 728. Calculate the remainder when u is divided by 37.
33
Let t(b) = b**3 - 8*b**2 - 3*b + 12. Suppose 4*h = 4*i - h - 82, 3*i = 2*h + 58. What is the remainder when t(9) is divided by i?
12
Suppose 1206 + 1464 = 178*c. Suppose -3*i + 5*g + 164 + 250 = 0, -2*g - 6 = 0. What is the remainder when i is divided by c?
13
Let s = -12 - -52. Let v = 49 + -48. Calculate the remainder when s is divided by 46/2 - (4 + v + -3).
19
Let t = 25 - 4. Calculate the remainder when t is divided by 222/18 + 32/12 + 0.
6
Suppose 2*n + 6*j = j + 46, 2*n + 4*j = 48. Let u = 3 + -2. What is the remainder when n is divided by u/(-2) + 21/2?
8
Suppose 5 = -3*f - 7. Let l(d) = -d**3 - 6*d**2 - 4*d - 1. Let s be l(f). Let y = s + 20. What is the remainder when 7 is divided by y?
1
Suppose 9*f = 1389 - 417. Calculate the remainder when 858 is divided by f.
102
Let u(b) = 15*b - 4*b + 11*b + 6 - b**2 - 3. Calculate the remainder when 8 is divided by u(22).
2
Suppose -5*l + 26 = 3*f - 29, -2*f - 4*l = -36. Let q = f - 11. Suppose -2*g + 2*k + 3 = -k, -3*k + 15 = 4*g. Calculate the remainder when q is divided by g.
0
Calculate the remainder when 178 is divided by 371/6 - 20/24.
56
Suppose 4*g = -3*m + 10 - 43, g = -2*m - 12. Let x = g + 27. What is the remainder when 103 is divided by x?
19
Let b be 4 - (2 + 1)/3. Suppose -b*i = i - 16. What is the remainder when 18 is divided by i?
2
Suppose 53*r = 8*r + 4185. What is the remainder when 557 is divided by r?
92
Let v = 934 - -521. Calculate the remainder when v is divided by 54.
51
Suppose d = 5*z - 17, 5*z - 19 = -5*d + 16. Suppose z = -q, -t - q - q + 149 = 0. Calculate the remainder when t is divided by 8.
5
Let x(v) = v**3 + 9*v**2 + 4*v + 38. What is the remainder when 0 - 3/(6/(-16)) is divided by x(-9)?
0
Let j = -105 - -132. Let y = -11 + 18. What is the remainder when j is divided by y?
6
Suppose 0 = 6*x + 17 - 89. Suppose x + 63 = 5*o. Calculate the remainder when 44 is divided by o.
14
Suppose 8*n = -n + 162. What is the remainder when 214 is divided by n?
16
Let v = 27 + -7. Let p = -2 + v. What is the remainder when 51 is divided by p?
15
Let c(r) = -9 - 28*r - 61*r + 18*r. What is the remainder when c(-1) is divided by 22?
18
Suppose 137 = 3*c + u, 22 = -3*c + 4*u + 179. What is the remainder when 886 is divided by c?
40
Let d = 2951 - 2936. Suppose 0*w + w - 42 = 0. Calculate the remainder when w is divided by d.
12
What is the remainder when 0 + 281 + (6 + -5 - 5) is divided by 10?
7
Let k(s) = -s + 30. Calculate the remainder when (3/2)/(24/848) is divided by k(12).
17
Let u be (-2)/5 - (-27)/5. Let b = 249 + -262. What is the remainder when 85*(b/u - -3) is divided by 12?
10
Suppose 0 = 4*r - 329 + 17. Suppose 2274 = 6*x + r. Suppose 8*l - x - 346 = 0. What is the remainder when l is divided by 30?
29
Let o = -180 + 301. Let i = -82 + o. What is the remainder when i is divided by 23?
16
Let d(o) = -2*o**2 - 37*o + 31. What is the remainder when 16 is divided by d(-19)?
4
Suppose 0 = -n - 3*n - k - 36, -2*n - k = 20. Let w(r) = 2*r + 3. Let i be w(n). Let l = i - -28. What is the remainder when 43 is divided by l?
13
Let r(u) = -3 + 6*u**2 - 10*u**2 + 17*u**2 + 15*u**2. Let h(n) = -27*n**3 + n**2 - n - 1. Calculate the remainder when r(-2) is divided by h(-1).
25
Let m(i) = -5*i - 18. Let z be (1/(-2))/(25/300). What is the remainder when 22 is divided by m(z)?
10
Let h = 491 - 461. What is the remainder when 776 is divided by h?
26
Let q = -9 - -93. Let f = 90 + q. What is the remainder when f is divided by 44?
42
Let h(q) = q**3 + 55*q**2 - 5*q - 189. Calculate the remainder when 172 is divided by h(-55).
0
Let o = 3 - -1. What is the remainder when o is divided by 7*1*(6 + (-123)/21)?
0
Suppose 0 = 5*u + 2*p - 3007, 0*p + p + 600 = u. Suppose 779 = 5*s - u. Calculate the remainder when s is divided by 31.
28
Suppose 2*l - 13*d + 16*d = 579, 5*l - 5*d = 1510. Calculate the remainder when l is divided by 50.
47
Let s(c) be the second derivative of -27*c**5/20 - c**4/6 - c**3/3 - c**2/2 - 16*c. Calculate the remainder when s(-1) is divided by 7 - 2*(-2)/(-4).
2
Suppose 37*r = 45*r - 640. What is the remainder when 398 is divided by r?
78
Let t(x) = -x**2 + 3*x - 6. Let m be t(2). Let s = 101 - 68. What is the remainder when s is divided by ((-18)/m)/((-5)/(-60)*9)?
3
Let j(x) be the second derivative of 0 - 4*x + 0*x**2 + 35/6*x**3. What is the remainder when j(1) is divided by 19?
16
Suppose 0*c + c = 67. Suppose 11*x - c - 318 = 0. Suppose 4*i = -0*i + 48. What is the remainder when x is divided by i?
11
Calculate the remainder when (-121)/(-484) + 399/4 is divided by 50.
0
Let t(n) = n**2 - 12*n + 44. Calculate the remainder when 94 is divided by t(6).
6
Let k = 14 + -10. Suppose -41 = -k*a + 3. What is the remainder when 43 is divided by a?
10
Suppose -5*v = -0 - 20. Let j(x) be the third derivative of x**5/60 - x**4/8 + x**3/3 - 3*x**2. Calculate the remainder when 15 is divided by j(v).
3
Calculate the remainder when (-1)/((28/287)/(-4)) is divided by 6.
5
Let r(t) = -t**2 - 22*t + 33. Calculate the remainder when r(-20) is divided by 25.
23
What is the remainder when (-2)/11 - 35148/(-319) is divided by 16?
14
Let u(x) = -x**3 + 8*x**2 + 4*x + 3. Let w be u(8). Let g = -3 + 16. Calculate the remainder when g is divided by 34/10 - (-21)/w.
1
What is the remainder when (-203)/(-2)*(-282)/(-329) is divided by 27?
6
Let y be 23 + (-2 - -3)*1. Let o = y + -12. Suppose 2 = 2*t - o. What is the remainder when 13 is divided by t?
6
Suppose 5*g - 3*f = 59, -4*g - 2*f = -0*g - 34. Suppose g*d - 18*d = -248. What is the remainder when d is divided by 12?
7
Suppose 0*w - 4*w = 372. Let m = w + 154. Calculate the remainder when m is divided by 33.
28
Suppose -18*b + 1482 = -1812. What is the remainder when b is divided by 63?
57
Suppose 0 = -3*p - 2*p. Let c = 27 + p. Suppose 5*g - 3*g = 4*l - 6, 3*l = 15. What is the remainder when c is divided by g?
6
Let v(i) = 2*i - 15. What is the remainder when 105 is divided by v(22)?
18
Suppose -7 = -3*j + 5*j - 3*t, t + 38 = -3*j. Let a(r) = 6 + 7 - 17 + r - 2*r. Calculate the remainder when 11 is divided by a(j).
4
What is the remainder when (23 + 7 + 11)*(-6)/(-2) is divided by 62?
61
What is the remainder when (-183)/(3 + 5 + -9) is divided by 23?
22
Let q(a) = 5*a**2 + 3*a - 5. Let k be q(-4). Let y = 170 - k. Calculate the remainder when y is divided by 11.
8
Suppose 0 = 2*j - j - 3. Suppose t - 192 = -j*t. Let n = 52 + -27. Calculate the remainder when t is divided by n.
23
Let i = 196 - 170. What is the remainder when 64 is divided by i?
12
Let g(n) = -n**3 - n**2 - 11. Let j be g(0). Let v(k) = -k - 8. Let b be v(j). Suppose -b*x + 2*x + 18 = 0. Calculate the remainder when 34 is divided by x.
16
Let k(b) = b**2 + 7*b - 165. What is the remainder when 78 is divided by k(-18)?
12
What is the remainder when (3/5 - (-11826)/90) + 3 is divided by 47?
41
Suppose 2*s - 40 = 4*s. Let n = 30 + s. What is the remainder when 17 is divided by n?
7
Let u = 462 + -439. What is the remainder when 35 is divided by u?
12
Let z(n) = -n**2 - 37*n - 153. Calculate the remainder when 761 is divided by z(-5).
5
Let i(w) be the second derivative of -2*w**3 - w**2/2 - 20*w - 2. What is the remainder when 235 is divided by i(-5)?
58
Suppose 4*n + 4*t + 8 = n, 4*t + 16 = -n. Suppose 5*u - i = 31, -n*u + 3 + 21 = -i. Calculate the remainder when 12 is divided by u.
5
Let z(t) = -2*t + 5. Suppose 15 = 5*a, x + a - 37 = -x. Let n = -10 + x. What is the remainder when z(-4) is divided by n